digit of 15413972?
4
What is the tens digit of 273175997?
9
What is the ten millions digit of 6064749797?
6
What is the millions digit of 60511355?
0
What is the ten thousands digit of 3632463285?
6
What is the ten millions digit of 695789111?
9
What is the units digit of 1561824690?
0
What is the millions digit of 47568020?
7
What is the hundreds digit of 36477707?
7
What is the millions digit of 474542423?
4
What is the hundred thousands digit of 654477293?
4
What is the ten thousands digit of 585975633?
7
What is the hundred millions digit of 315467585?
3
What is the units digit of 1437891235?
5
What is the millions digit of 5257980240?
7
What is the thousands digit of 65926823?
6
What is the ten millions digit of 89526856?
8
What is the thousands digit of 159923081?
3
What is the millions digit of 250944540?
0
What is the hundreds digit of 69964820?
8
What is the hundred thousands digit of 679365989?
3
What is the ten thousands digit of 324575978?
7
What is the units digit of 811968208?
8
What is the hundred millions digit of 630371906?
6
What is the ten millions digit of 486964885?
8
What is the units digit of 41682573?
3
What is the units digit of 9104036?
6
What is the hundred millions digit of 185522078?
1
What is the ten millions digit of 94263596?
9
What is the hundreds digit of 5206028?
0
What is the hundred millions digit of 129724160?
1
What is the ten millions digit of 52555472?
5
What is the ten millions digit of 1535147123?
3
What is the units digit of 5940955?
5
What is the thousands digit of 50835743?
5
What is the ten millions digit of 325090657?
2
What is the hundred thousands digit of 239772217?
7
What is the hundred millions digit of 279391403?
2
What is the ten thousands digit of 20994025?
9
What is the millions digit of 5589561?
5
What is the units digit of 41161483?
3
What is the ten thousands digit of 320358790?
5
What is the ten millions digit of 229511083?
2
What is the ten millions digit of 54552974?
5
What is the tens digit of 15014116?
1
What is the tens digit of 1833766163?
6
What is the tens digit of 174483301?
0
What is the units digit of 178710820?
0
What is the millions digit of 2346241835?
6
What is the hundreds digit of 910356159?
1
What is the ten thousands digit of 289258132?
5
What is the tens digit of 25276029?
2
What is the ten thousands digit of 644558991?
5
What is the hundred millions digit of 1694482062?
6
What is the units digit of 81884736?
6
What is the ten thousands digit of 90951392?
5
What is the thousands digit of 1270992454?
2
What is the thousands digit of 227768551?
8
What is the units digit of 143579823?
3
What is the ten thousands digit of 1082060284?
6
What is the hundred thousands digit of 432683660?
6
What is the units digit of 356643583?
3
What is the ten millions digit of 231309163?
3
What is the thousands digit of 179207005?
7
What is the hundreds digit of 920183?
1
What is the hundred thousands digit of 1563159686?
1
What is the units digit of 4472142761?
1
What is the units digit of 3970516822?
2
What is the ten millions digit of 809015420?
0
What is the hundred thousands digit of 2822807971?
8
What is the units digit of 154528160?
0
What is the tens digit of 68380510?
1
What is the hundred thousands digit of 127438880?
4
What is the millions digit of 702967516?
2
What is the ten thousands digit of 4532706448?
0
What is the tens digit of 1133742121?
2
What is the hundreds digit of 139910730?
7
What is the ten thousands digit of 27322740?
2
What is the tens digit of 1897297213?
1
What is the thousands digit of 31708710?
8
What is the billions digit of 1652237923?
1
What is the ten thousands digit of 28564047?
6
What is the hundred millions digit of 2684372503?
6
What is the millions digit of 350835473?
0
What is the millions digit of 869931316?
9
What is the tens digit of 110901480?
8
What is the hundreds digit of 1069564722?
7
What is the millions digit of 2284669496?
4
What is the tens digit of 15970739?
3
What is the hundreds digit of 226918445?
4
What is the thousands digit of 13511216?
1
What is the hundreds digit of 720760002?
0
What is the tens digit of 174714572?
7
What is the ten millions digit of 1200373228?
0
What is the thousands digit of 243875281?
5
What is the ten thousands digit of 18909887?
0
What is the hundreds digit of 129480216?
2
What is the ten thousands digit of 1146777692?
7
What is the hundreds digit of 50321316?
3
What is the units digit of 273377324?
4
What is the tens digit of 1014596?
9
What is the thousands digit of 3250274347?
4
What is the millions digit of 22223976?
2
What is the ten thousands digit of 175216431?
1
What is the ten thousands digit of 3808423849?
2
What is the tens digit of 531420788?
8
What is the millions digit of 144185174?
4
What is the millions digit of 248963038?
8
What is the ten millions digit of 2347582912?
4
What is the billions digit of 1398793505?
1
What is the thousands digit of 79721238?
1
What is the thousands digit of 94061123?
1
What is the ten millions digit of 4029465441?
2
What is the hundreds digit of 1062365128?
1
What is the thousands digit of 34923165?
3
What is the thousands digit of 133627187?
7
What is the thousands digit of 1755643549?
3
What is the ten millions digit of 298294475?
9
What is the ten thousands digit of 2904375900?
7
What is the ten millions digit of 1621185915?
2
What is the units digit of 397223076?
6
What is the hundreds digit of 1268013041?
0
What is the units digit of 1179920011?
1
What is the units digit of 146313018?
8
What is the hundred thousands digit of 2902700?
9
What is the ten millions digit of 43726957?
4
What is the millions digit of 58795277?
8
What is the hundreds digit of 1119070640?
6
What is the ten thousands digit of 365871131?
7
What is the hundred millions digit of 116626420?
1
What is the ten thousands digit of 605117889?
1
What is the units digit of 146868545?
5
What is the millions digit of 59556292?
9
What is the hundreds digit of 40812588?
5
What is the hundreds digit of 444105899?
8
What is the hundreds digit of 24248102?
1
What is the hundred thousands digit of 6167582425?
5
What is the ten thousands digit of 12467447?
6
What is the thousands digit of 1728885554?
5
What is the ten thousands digit of 11963566?
6
What is the tens digit of 1202292466?
6
What is the thousands digit of 626435645?
5
What is the units digit of 127928650?
0
What is the ten thousands digit of 181370583?
7
What is the hundred millions digit of 194418692?
1
What is the hundreds digit of 663946951?
9
What is the hundreds digit of 11639884?
8
What is the hundreds digit of 1278908634?
6
What is the ten millions digit of 249305656?
4
What is the ten thousands digit of 834608949?
0
What is the units digit of 8297111?
1
What is the tens digit of 360374417?
1
What is the units digit of 111679114?
4
What is the ten thousands digit of 1999457294?
5
What is the hundreds digit of 5292079537?
5
What is the hundred thousands digit of 45999792?
9
What is the hundreds digit of 291290676?
6
What is the ten millions digit of 149267558?
4
What is the units digit of 628870?
0
What is the hundreds digit of 67136613?
6
What is the millions digit of 113108774?
3
What is the hundred thousands digit of 91704569?
7
What is the thousands digit of 13924124?
4
What is the hundred millions digit of 1325467170?
3
What is the hundreds digit of 20024181?
1
What is the tens digit of 172333804?
0
What is the hundreds digit of 214741807?
8
What is the hundred millions digit of 896429681?
8
What is the millions digit of 154299720?
4
What is the hundred thousands digit of 92724124?
7
What is the units digit of 440993531?
1
What is the hundred millions digit of 156336431?
1
What is the tens digit of 310441282?
8
What is the ten thousands digit of 747362337?
6
What is the hundred millions digit of 1573218996?
5
What is the thousands digit of 2154221593?
1
What is the thousands digit of 376211349?
1
What is the tens digit of 89448031?
3
What is the hundreds digit of 73053221?
2
What is the hundreds digit of 1734036672?
6
What is the ten millions digit of 630641600?
3
What is the thousands digit of 852949026?
9
What is the tens digit of 654563645?
4
What is the hundred thousands digit of 5823358117?
3
What is the hundred